{"id":8302,"date":"2025-03-09T21:14:38","date_gmt":"2025-03-10T00:14:38","guid":{"rendered":"https:\/\/cristianosilveiramg.com.br\/site\/?page_id=8302"},"modified":"2025-03-09T21:15:36","modified_gmt":"2025-03-10T00:15:36","slug":"noticias","status":"publish","type":"page","link":"https:\/\/cristianosilveiramg.com.br\/site\/?page_id=8302","title":{"rendered":"Not\u00edcias"},"content":{"rendered":"\t\t<div data-elementor-type=\"wp-page\" data-elementor-id=\"8302\" class=\"elementor elementor-8302\" data-elementor-post-type=\"page\">\n\t\t\t\t<div class=\"elementor-element elementor-element-d09fa81 e-flex e-con-boxed e-con e-parent\" data-id=\"d09fa81\" data-element_type=\"container\">\n\t\t\t\t\t<div class=\"e-con-inner\">\n\t\t\t\t<div class=\"elementor-element elementor-element-96dde25 elementor-grid-3 elementor-grid-tablet-2 elementor-grid-mobile-1 elementor-posts--thumbnail-top elementor-card-shadow-yes elementor-posts__hover-gradient elementor-widget elementor-widget-posts\" data-id=\"96dde25\" data-element_type=\"widget\" data-settings=\"{&quot;cards_columns&quot;:&quot;3&quot;,&quot;cards_columns_tablet&quot;:&quot;2&quot;,&quot;cards_columns_mobile&quot;:&quot;1&quot;,&quot;cards_row_gap&quot;:{&quot;unit&quot;:&quot;px&quot;,&quot;size&quot;:35,&quot;sizes&quot;:[]},&quot;cards_row_gap_tablet&quot;:{&quot;unit&quot;:&quot;px&quot;,&quot;size&quot;:&quot;&quot;,&quot;sizes&quot;:[]},&quot;cards_row_gap_mobile&quot;:{&quot;unit&quot;:&quot;px&quot;,&quot;size&quot;:&quot;&quot;,&quot;sizes&quot;:[]}}\" data-widget_type=\"posts.cards\">\n\t\t\t\t<div class=\"elementor-widget-container\">\n\t\t\t\t\t\t\t<div class=\"elementor-posts-container elementor-posts elementor-posts--skin-cards elementor-grid\">\n\t\t\t\t<article class=\"elementor-post elementor-grid-item post-77 post type-post status-publish format-standard has-post-thumbnail hentry category-sem-categoria wpbf-post\">\n\t\t\t<div class=\"elementor-post__card\">\n\t\t\t\t<a class=\"elementor-post__thumbnail__link\" href=\"https:\/\/cristianosilveiramg.com.br\/site\/?p=77\" tabindex=\"-1\" ><div class=\"elementor-post__thumbnail\"><img fetchpriority=\"high\" decoding=\"async\" width=\"300\" height=\"225\" src=\"https:\/\/cristianosilveiramg.com.br\/site\/wp-content\/uploads\/2025\/02\/IMG_20220323_153635-300x225.jpeg\" class=\"attachment-medium size-medium wp-image-80\" alt=\"\" srcset=\"https:\/\/cristianosilveiramg.com.br\/site\/wp-content\/uploads\/2025\/02\/IMG_20220323_153635-300x225.jpeg 300w, https:\/\/cristianosilveiramg.com.br\/site\/wp-content\/uploads\/2025\/02\/IMG_20220323_153635-1024x768.jpeg 1024w, https:\/\/cristianosilveiramg.com.br\/site\/wp-content\/uploads\/2025\/02\/IMG_20220323_153635-768x576.jpeg 768w, https:\/\/cristianosilveiramg.com.br\/site\/wp-content\/uploads\/2025\/02\/IMG_20220323_153635-1536x1152.jpeg 1536w, https:\/\/cristianosilveiramg.com.br\/site\/wp-content\/uploads\/2025\/02\/IMG_20220323_153635.jpeg 1600w\" sizes=\"(max-width: 300px) 100vw, 300px\" \/><\/div><\/a>\n\t\t\t\t<div class=\"elementor-post__text\">\n\t\t\t\t<h3 class=\"elementor-post__title\">\n\t\t\t<a href=\"https:\/\/cristianosilveiramg.com.br\/site\/?p=77\" >\n\t\t\t\tGarantia dos direitos dos servidores\t\t\t<\/a>\n\t\t<\/h3>\n\t\t\t\t<div class=\"elementor-post__excerpt\">\n\t\t\t<p>A luta pelos direitos dos servidores e das servidoras p\u00fablicas \u00e9 uma pauta muito importante para o nosso mandato, e temos lutado lado a lado<\/p>\n\t\t<\/div>\n\t\t\n\t\t<a class=\"elementor-post__read-more\" href=\"https:\/\/cristianosilveiramg.com.br\/site\/?p=77\" aria-label=\"Leia mais sobre Garantia dos direitos dos servidores\" tabindex=\"-1\" >\n\t\t\tLeia Mais\t\t<\/a>\n\n\t\t\t\t<\/div>\n\t\t\t\t<div class=\"elementor-post__meta-data\">\n\t\t\t\t\t<span class=\"elementor-post-date\">\n\t\t\t20 de fevereiro de 2025\t\t<\/span>\n\t\t\t\t<span class=\"elementor-post-avatar\">\n\t\t\tNenhum coment\u00e1rio\t\t<\/span>\n\t\t\t\t<\/div>\n\t\t\t\t\t<\/div>\n\t\t<\/article>\n\t\t\t\t<article class=\"elementor-post elementor-grid-item post-72 post type-post status-publish format-standard has-post-thumbnail hentry category-sem-categoria wpbf-post\">\n\t\t\t<div class=\"elementor-post__card\">\n\t\t\t\t<a class=\"elementor-post__thumbnail__link\" href=\"https:\/\/cristianosilveiramg.com.br\/site\/?p=72\" tabindex=\"-1\" ><div class=\"elementor-post__thumbnail\"><img decoding=\"async\" width=\"300\" height=\"200\" src=\"https:\/\/cristianosilveiramg.com.br\/site\/wp-content\/uploads\/2025\/02\/Copia-de-IMG_7036-300x200.jpg\" class=\"attachment-medium size-medium wp-image-73\" alt=\"\" srcset=\"https:\/\/cristianosilveiramg.com.br\/site\/wp-content\/uploads\/2025\/02\/Copia-de-IMG_7036-300x200.jpg 300w, https:\/\/cristianosilveiramg.com.br\/site\/wp-content\/uploads\/2025\/02\/Copia-de-IMG_7036-1024x683.jpg 1024w, https:\/\/cristianosilveiramg.com.br\/site\/wp-content\/uploads\/2025\/02\/Copia-de-IMG_7036-768x512.jpg 768w, https:\/\/cristianosilveiramg.com.br\/site\/wp-content\/uploads\/2025\/02\/Copia-de-IMG_7036.jpg 1308w\" sizes=\"(max-width: 300px) 100vw, 300px\" \/><\/div><\/a>\n\t\t\t\t<div class=\"elementor-post__text\">\n\t\t\t\t<h3 class=\"elementor-post__title\">\n\t\t\t<a href=\"https:\/\/cristianosilveiramg.com.br\/site\/?p=72\" >\n\t\t\t\tLei de Cristiano incentiva a cria\u00e7\u00e3o da Bolsa Atleta Municipal\t\t\t<\/a>\n\t\t<\/h3>\n\t\t\t\t<div class=\"elementor-post__excerpt\">\n\t\t\t<p>Agora, os munic\u00edpios que t\u00eam programas de bolsas para atletas amadores podem ser beneficiados com mais recursos do Imposto sobre Circula\u00e7\u00e3o de Mercadorias e Servi\u00e7os<\/p>\n\t\t<\/div>\n\t\t\n\t\t<a class=\"elementor-post__read-more\" href=\"https:\/\/cristianosilveiramg.com.br\/site\/?p=72\" aria-label=\"Leia mais sobre Lei de Cristiano incentiva a cria\u00e7\u00e3o da Bolsa Atleta Municipal\" tabindex=\"-1\" >\n\t\t\tLeia Mais\t\t<\/a>\n\n\t\t\t\t<\/div>\n\t\t\t\t<div class=\"elementor-post__meta-data\">\n\t\t\t\t\t<span class=\"elementor-post-date\">\n\t\t\t20 de fevereiro de 2025\t\t<\/span>\n\t\t\t\t<span class=\"elementor-post-avatar\">\n\t\t\tNenhum coment\u00e1rio\t\t<\/span>\n\t\t\t\t<\/div>\n\t\t\t\t\t<\/div>\n\t\t<\/article>\n\t\t\t\t<article class=\"elementor-post elementor-grid-item post-64 post type-post status-publish format-standard has-post-thumbnail hentry category-sem-categoria wpbf-post\">\n\t\t\t<div class=\"elementor-post__card\">\n\t\t\t\t<a class=\"elementor-post__thumbnail__link\" href=\"https:\/\/cristianosilveiramg.com.br\/site\/?p=64\" tabindex=\"-1\" ><div class=\"elementor-post__thumbnail\"><img decoding=\"async\" width=\"240\" height=\"300\" src=\"https:\/\/cristianosilveiramg.com.br\/site\/wp-content\/uploads\/2025\/02\/2022.02.Cristiano-Silveira-PT-Autismo-240x300.jpg\" class=\"attachment-medium size-medium wp-image-65\" alt=\"\" srcset=\"https:\/\/cristianosilveiramg.com.br\/site\/wp-content\/uploads\/2025\/02\/2022.02.Cristiano-Silveira-PT-Autismo-240x300.jpg 240w, https:\/\/cristianosilveiramg.com.br\/site\/wp-content\/uploads\/2025\/02\/2022.02.Cristiano-Silveira-PT-Autismo-819x1024.jpg 819w, https:\/\/cristianosilveiramg.com.br\/site\/wp-content\/uploads\/2025\/02\/2022.02.Cristiano-Silveira-PT-Autismo-768x960.jpg 768w, https:\/\/cristianosilveiramg.com.br\/site\/wp-content\/uploads\/2025\/02\/2022.02.Cristiano-Silveira-PT-Autismo.jpg 960w\" sizes=\"(max-width: 240px) 100vw, 240px\" \/><\/div><\/a>\n\t\t\t\t<div class=\"elementor-post__text\">\n\t\t\t\t<h3 class=\"elementor-post__title\">\n\t\t\t<a href=\"https:\/\/cristianosilveiramg.com.br\/site\/?p=64\" >\n\t\t\t\tNa luta pela inclus\u00e3o\t\t\t<\/a>\n\t\t<\/h3>\n\t\t\t\t<div class=\"elementor-post__excerpt\">\n\t\t\t<p>A inclus\u00e3o social deve ser, sempre, uma pauta inegoci\u00e1vel. A partir do di\u00e1logo com diversas associa\u00e7\u00f5es e com as fam\u00edlias mineiras, o deputado estadual Cristiano<\/p>\n\t\t<\/div>\n\t\t\n\t\t<a class=\"elementor-post__read-more\" href=\"https:\/\/cristianosilveiramg.com.br\/site\/?p=64\" aria-label=\"Leia mais sobre Na luta pela inclus\u00e3o\" tabindex=\"-1\" >\n\t\t\tLeia Mais\t\t<\/a>\n\n\t\t\t\t<\/div>\n\t\t\t\t<div class=\"elementor-post__meta-data\">\n\t\t\t\t\t<span class=\"elementor-post-date\">\n\t\t\t20 de fevereiro de 2025\t\t<\/span>\n\t\t\t\t<span class=\"elementor-post-avatar\">\n\t\t\tNenhum coment\u00e1rio\t\t<\/span>\n\t\t\t\t<\/div>\n\t\t\t\t\t<\/div>\n\t\t<\/article>\n\t\t\t\t<article class=\"elementor-post elementor-grid-item post-8125 post type-post status-publish format-standard has-post-thumbnail hentry category-assembleia category-noticias tag-almg tag-assembleia-de-minas tag-cristiano-silveira tag-direitos-humanos tag-politica tag-violencia wpbf-post\">\n\t\t\t<div class=\"elementor-post__card\">\n\t\t\t\t<a class=\"elementor-post__thumbnail__link\" href=\"https:\/\/cristianosilveiramg.com.br\/site\/?p=8125\" tabindex=\"-1\" ><div class=\"elementor-post__thumbnail\"><img loading=\"lazy\" decoding=\"async\" width=\"300\" height=\"180\" src=\"https:\/\/cristianosilveiramg.com.br\/site\/wp-content\/uploads\/2022\/11\/images-300x180.jpg\" class=\"attachment-medium size-medium wp-image-8194\" alt=\"\" srcset=\"https:\/\/cristianosilveiramg.com.br\/site\/wp-content\/uploads\/2022\/11\/images-300x180.jpg 300w, https:\/\/cristianosilveiramg.com.br\/site\/wp-content\/uploads\/2022\/11\/images.jpg 715w\" sizes=\"(max-width: 300px) 100vw, 300px\" \/><\/div><\/a>\n\t\t\t\t<div class=\"elementor-post__text\">\n\t\t\t\t<h3 class=\"elementor-post__title\">\n\t\t\t<a href=\"https:\/\/cristianosilveiramg.com.br\/site\/?p=8125\" >\n\t\t\t\tCristiano Silveira aciona Minist\u00e9rio P\u00fablico para investigar caso de viol\u00eancia policial contra crian\u00e7a em Divin\u00f3polis\t\t\t<\/a>\n\t\t<\/h3>\n\t\t\t\t<div class=\"elementor-post__excerpt\">\n\t\t\t<p>O deputado estadual Cristiano Silveira (PT) acionou hoje (07\/11), por meio de um of\u00edcio, o Centro de Apoio Operacional das Promotorias de Justi\u00e7a de Defesa<\/p>\n\t\t<\/div>\n\t\t\n\t\t<a class=\"elementor-post__read-more\" href=\"https:\/\/cristianosilveiramg.com.br\/site\/?p=8125\" aria-label=\"Leia mais sobre Cristiano Silveira aciona Minist\u00e9rio P\u00fablico para investigar caso de viol\u00eancia policial contra crian\u00e7a em Divin\u00f3polis\" tabindex=\"-1\" >\n\t\t\tLeia Mais\t\t<\/a>\n\n\t\t\t\t<\/div>\n\t\t\t\t<div class=\"elementor-post__meta-data\">\n\t\t\t\t\t<span class=\"elementor-post-date\">\n\t\t\t8 de novembro de 2022\t\t<\/span>\n\t\t\t\t<span class=\"elementor-post-avatar\">\n\t\t\tNenhum coment\u00e1rio\t\t<\/span>\n\t\t\t\t<\/div>\n\t\t\t\t\t<\/div>\n\t\t<\/article>\n\t\t\t\t<article class=\"elementor-post elementor-grid-item post-8121 post type-post status-publish format-standard has-post-thumbnail hentry category-noticias tag-assembleia-legislativa-de-minas-gerais tag-cidadania tag-direitos tag-lgbtqia tag-trabalho wpbf-post\">\n\t\t\t<div class=\"elementor-post__card\">\n\t\t\t\t<div class=\"elementor-post__text\">\n\t\t\t\t<h3 class=\"elementor-post__title\">\n\t\t\t<a href=\"https:\/\/cristianosilveiramg.com.br\/site\/?p=8121\" >\n\t\t\t\tCristiano Silveira e sua atua\u00e7\u00e3o em prol da popula\u00e7\u00e3o LGBTQIA+\t\t\t<\/a>\n\t\t<\/h3>\n\t\t\t\t<div class=\"elementor-post__excerpt\">\n\t\t\t<p>Ao longo de seus dois mandatos como deputado estadual por Minas Gerais, Cristiano Silveira tem mantido um compromisso com a luta por mais respeito, mais<\/p>\n\t\t<\/div>\n\t\t\n\t\t<a class=\"elementor-post__read-more\" href=\"https:\/\/cristianosilveiramg.com.br\/site\/?p=8121\" aria-label=\"Leia mais sobre Cristiano Silveira e sua atua\u00e7\u00e3o em prol da popula\u00e7\u00e3o LGBTQIA+\" tabindex=\"-1\" >\n\t\t\tLeia Mais\t\t<\/a>\n\n\t\t\t\t<\/div>\n\t\t\t\t<div class=\"elementor-post__meta-data\">\n\t\t\t\t\t<span class=\"elementor-post-date\">\n\t\t\t5 de agosto de 2022\t\t<\/span>\n\t\t\t\t<span class=\"elementor-post-avatar\">\n\t\t\tNenhum coment\u00e1rio\t\t<\/span>\n\t\t\t\t<\/div>\n\t\t\t\t\t<\/div>\n\t\t<\/article>\n\t\t\t\t<article class=\"elementor-post elementor-grid-item post-8108 post type-post status-publish format-standard has-post-thumbnail hentry category-assembleia category-atividade-parlamentar category-projetos category-trabalhos tag-almg tag-assembleia-legislativa-de-minas-gerais tag-esporte tag-lei tag-projeto-de-lei wpbf-post\">\n\t\t\t<div class=\"elementor-post__card\">\n\t\t\t\t<div class=\"elementor-post__text\">\n\t\t\t\t<h3 class=\"elementor-post__title\">\n\t\t\t<a href=\"https:\/\/cristianosilveiramg.com.br\/site\/?p=8108\" >\n\t\t\t\t\u00c9 lei! Projeto de Lei que incentiva a cria\u00e7\u00e3o do Bolsa Atleta Amador em Minas \u00e9 sancionado na ALMG\t\t\t<\/a>\n\t\t<\/h3>\n\t\t\t\t<div class=\"elementor-post__excerpt\">\n\t\t\t<p>O \u00a0Projeto de Lei 2.765\/2021, de autoria do deputado estadual Cristiano Silveira (PT), que inclui o Bolsa Atleta Amador no ICMS Esportivo,\u00a0virou Lei\u00a0na \u00faltima sexta-feira<\/p>\n\t\t<\/div>\n\t\t\n\t\t<a class=\"elementor-post__read-more\" href=\"https:\/\/cristianosilveiramg.com.br\/site\/?p=8108\" aria-label=\"Leia mais sobre \u00c9 lei! Projeto de Lei que incentiva a cria\u00e7\u00e3o do Bolsa Atleta Amador em Minas \u00e9 sancionado na ALMG\" tabindex=\"-1\" >\n\t\t\tLeia Mais\t\t<\/a>\n\n\t\t\t\t<\/div>\n\t\t\t\t<div class=\"elementor-post__meta-data\">\n\t\t\t\t\t<span class=\"elementor-post-date\">\n\t\t\t18 de julho de 2022\t\t<\/span>\n\t\t\t\t<span class=\"elementor-post-avatar\">\n\t\t\t3 Coment\u00e1rios\t\t<\/span>\n\t\t\t\t<\/div>\n\t\t\t\t\t<\/div>\n\t\t<\/article>\n\t\t\t\t<\/div>\n\t\t\n\t\t\t\t\t\t<\/div>\n\t\t\t\t<\/div>\n\t\t\t\t\t<\/div>\n\t\t\t\t<\/div>\n\t\t\t\t<\/div>\n\t\t","protected":false},"excerpt":{"rendered":"","protected":false},"author":1,"featured_media":0,"parent":0,"menu_order":0,"comment_status":"closed","ping_status":"closed","template":"elementor_header_footer","meta":{"footnotes":""},"class_list":["post-8302","page","type-page","status-publish","hentry","wpbf-post"],"_links":{"self":[{"href":"https:\/\/cristianosilveiramg.com.br\/site\/index.php?rest_route=\/wp\/v2\/pages\/8302","targetHints":{"allow":["GET"]}}],"collection":[{"href":"https:\/\/cristianosilveiramg.com.br\/site\/index.php?rest_route=\/wp\/v2\/pages"}],"about":[{"href":"https:\/\/cristianosilveiramg.com.br\/site\/index.php?rest_route=\/wp\/v2\/types\/page"}],"author":[{"embeddable":true,"href":"https:\/\/cristianosilveiramg.com.br\/site\/index.php?rest_route=\/wp\/v2\/users\/1"}],"replies":[{"embeddable":true,"href":"https:\/\/cristianosilveiramg.com.br\/site\/index.php?rest_route=%2Fwp%2Fv2%2Fcomments&post=8302"}],"version-history":[{"count":3,"href":"https:\/\/cristianosilveiramg.com.br\/site\/index.php?rest_route=\/wp\/v2\/pages\/8302\/revisions"}],"predecessor-version":[{"id":8305,"href":"https:\/\/cristianosilveiramg.com.br\/site\/index.php?rest_route=\/wp\/v2\/pages\/8302\/revisions\/8305"}],"wp:attachment":[{"href":"https:\/\/cristianosilveiramg.com.br\/site\/index.php?rest_route=%2Fwp%2Fv2%2Fmedia&parent=8302"}],"curies":[{"name":"wp","href":"https:\/\/api.w.org\/{rel}","templated":true}]}}